 - 26. Let g be m(-28). Let h(c) = 2*c + 4 - 5 - 10*c + g*c + c**2. Let q = -10 + 14. Determine h(q).
-9
Let g(b) = -97*b + 18. Let x(n) = -801*n + 144. Let l(d) = -33*g(d) + 4*x(d). What is l(-10)?
12
Let o(l) = -14*l + 121. Suppose -2*x - 8*d + 33 = -5*d, -d = 5*x - 50. Let r be o(x). Let f(v) = v**2 + 7*v. Calculate f(r).
-10
Let n(y) = y**2 + 4*y - 13. Let a(j) = -j**3 + 2*j**2 + 5*j - 7. Let s be a(2). Suppose 2*d = -s*z - 37 + 14, -13 = 4*d - 5*z. Calculate n(d).
8
Let v = -9070 - -9076. Let y(d) = 15*d - 86. What is y(v)?
4
Suppose -3881 = -18*g - 15941. Let r = g - -677. Let h(l) = -l**2 + 7*l + 13. Determine h(r).
13
Suppose -3*b - 5 = c + 4*c, 5*c = -5. Suppose -l - 4*l = b. Suppose 5*s + 2*x - 47 = l, 11 = 4*s + x - 26. Let a(z) = -z + 8. Determine a(s).
-1
Let o = 3680 + -3674. Let s(v) = -28*v + 160. Give s(o).
-8
Suppose -8*q + 11 = 5*n - 4*q, 0 = 4*n + 5*q - 7. Let d(v) = n*v**2 + 4*v**2 - 3*v - 14*v**3 + 15*v**3 - 9 - 2*v. Determine d(-8).
-33
Let f(v) = v**2 - 1. Let z(m) = -33 - 3*m + 0*m + 8*m + 7*m**2 + 24. Let l(d) = 5*f(d) - z(d). Give l(-5).
-21
Let r be (-6)/3 + (-8 - (-9)/(18/16)). Let p(c) = 8*c**2 + 7*c + 5. Calculate p(r).
23
Let s(h) be the first derivative of -2*h**4 + 2*h**3/3 + 4*h - 597. Determine s(2).
-52
Suppose -5*l - 5*h = -5, 3*l + 3*h = 5*l - 12. Let s(u) = -3*u + u + 3*u + 1 - l. Let m(j) = j**3 - 17*j + 12. Let p be m(4). What is s(p)?
6
Let t be -4 + 2 - -78 - 3. Suppose 0 = -4*v - 3*f + 143, -4*v - 3*f + t = -2*v. Let d(q) = -2 - 36*q + v*q - 2. Determine d(-9).
5
Let y(v) = -2*v**3 + 9*v**2 + 6*v - 5. Let s be (-66)/(-30 - -8) - -2. Calculate y(s).
0
Let y(d) be the second derivative of -d**3/6 + 5*d**2/2 - 56*d - 4. Let a = -6 + -1. What is y(a)?
12
Let u(x) = x - 8. Let h be u(9). Let w(k) = k**2 + 3*k - 2. Let y be w(h). Suppose -4 = -q + y*q, p + 3*q + 6 = 0. Let r(d) = d - 8. Calculate r(p).
-2
Let b = -10 + 14. Suppose 0 = -5*s + 2*s - 2*i + 21, -4*i + 32 = b*s. Suppose 2*t + 18 = 3*j, 4*j - s = 2*t + 17. Let c(u) = u**2 - 7*u + 3. Calculate c(j).
-9
Let x(f) = 71*f - 1986. Let p be x(28). Let r(z) be the first derivative of -1/2*z**2 - p - 9*z. Determine r(-4).
-5
Suppose -3*f - 3*u - u + 30 = 0, -6 = -3*f + 4*u. Let t(c) = f + 164*c - 84*c - 81*c + c**3. Give t(0).
6
Let z(g) = 356*g - 1. Let x(n) = -251*n. Let v(j) = -7*x(j) - 5*z(j). Give v(-2).
51
Let b(z) be the first derivative of 1/3*z**3 + 4*z - 5/2*z**2 - 56. Give b(6).
10
Let f(k) = -k**2 + 10*k - 16. Let o be f(8). Let y(h) = -128 - 5*h**2 + o*h**2 + h**3 + 137 - 8*h. Give y(6).
-3
Let g(j) = -j**3 + 6*j**2 + 11*j - 10. Let u = 103 - 54. Suppose -34*o = -41*o + u. Determine g(o).
18
Let h = -53 - -59. Let p(k) = -64*k**2 + 58*k**2 + 2 - h + 3. Give p(2).
-25
Let z(n) be the first derivative of n**3/3 - 5*n**2/2 - 9*n - 9. Let b = -2519 + 2525. Calculate z(b).
-3
Let n(o) = -3*o**3 + 5*o**2 + o - 1. Let y(d) = 4*d**3 - 6*d**2 - 2*d + 1. Let w(u) = 3*n(u) + 2*y(u). Let l be (15/630*60)/((-2)/7) - -7. What is w(l)?
1
Suppose -11 - 5 = -8*k. Let c(f) = -5 + 2*f**2 - 3*f**2 - 2 - k*f + 6 - 1. Calculate c(-3).
-5
Let f(k) be the first derivative of -k**4/4 - 8*k**3 - 45*k**2/2 - 14*k - 4559. What is f(-22)?
8
Let z(k) = -k**3 - 2*k**2 - 2*k - 3. Let h(b) = -7*b**3 - 20*b**2 - 10*b - 27. Let w(c) = h(c) - 8*z(c). What is w(2)?
1
Let f = -128 + 123. Let t(y) = 1. Let x(d) = -d - 11. Let c(o) = t(o) + x(o). Determine c(f).
-5
Let p(o) = -o**3 + 9*o**2 - 11*o + 3. Let g be p(8). Let s = g - -14. Let b(j) = -2*j - 7. Let y(w) = -2*w - 7. Let a(c) = 3*b(c) - 2*y(c). Determine a(s).
7
Let w(q) be the first derivative of -q**2 + 7*q - 1589. Give w(7).
-7
Suppose 4*z + 5*q = -59, 2 = -q + 3*q. Let d = -13 - z. Let m be d - -2*(1 + (-1)/(-2)). Let c(j) = -j**3 + 7*j**2 - 6*j. What is c(m)?
0
Suppose -9*i - 530 = 217. Let w = 159 + i. Let m = w - 74. Let v(z) = -z. What is v(m)?
-2
Let p(q) = q**2 - 4*q - 4. Let a be p(7). Suppose -u + a = r, 7*u - 4*u - 63 = -4*r. Suppose 3*m + r = -0. Let s(k) = 2*k - 1. Determine s(m).
-9
Let d(h) = 3*h**2 + 72 + 69*h**3 + 2*h**2 + 3*h**2 - 71*h**3 - 64 - 7*h. Give d(3).
5
Let r(i) = 6*i**3 - i**2 + i + 1. Let k = -1191 - -1192. Give r(k).
7
Let b(o) = -30*o + 652. Let n(q) = 36*q - 641. Let l(s) = 6*b(s) + 7*n(s). Give l(8).
1
Let c(k) be the third derivative of -k**6/120 - k**5/12 + 5*k**4/8 + 5*k**3/6 + 2364*k**2. Calculate c(-7).
-2
Let s(c) = -372*c - 6330. Let p be s(-17). Let q(n) = n**2 + n. Let g(w) = 2*w**2 - 5*w - 6. Let f(h) = -g(h) + 3*q(h). Give f(p).
-6
Let d(m) be the first derivative of 2*m**3/3 + 17*m**2/2 + 36*m - 1347. Give d(-6).
6
Let b(u) be the first derivative of u**4/4 + 23*u**3/3 + 13*u**2 + 87*u - 3226. Calculate b(-22).
-1
Let j(f) be the second derivative of -f**3/6 - 5*f**2/2 - 5398*f. Let t = 9 - 16. Give j(t).
2
Suppose -4*y - 13 = 5*p, -2*p + 4 = -7*y + 4*y. Let a(z) = -z**3 + z**2 + 2*z. Let u(t) = -3*t**3 + t**2 + 10*t + 2. Let s(c) = p*u(c) + 4*a(c). What is s(2)?
-2
Let u(z) be the second derivative of z**7/504 + z**5/120 - 38*z**4/3 + 2*z - 66. Let w(g) be the third derivative of u(g). Give w(-1).
6
Suppose 0 = 3*r, -5*m + 1 + 4 = 3*r. Let l(n) = m - 13 + n - 4 + 12. Calculate l(10).
6
Let u(x) = 4*x - 27. Let a(l) = 4*l - 26. Let h(o) = -7*a(o) + 6*u(o). Let r be h(3). Let v(m) = m - 18. Calculate v(r).
-10
Let l(w) = -w**3 - 5*w**2 - 3*w - 11. Let r(u) = -u + 103. Let k be r(35). Suppose -k*o = -73*o - 25. Determine l(o).
4
Let w(x) = -4 + 2400822*x**2 + 2 - 2400819*x**2 + 2*x. Suppose -3*i + 10 = 5*l + 2*i, -2*l + 5*i + 11 = 0. What is w(l)?
31
Let y(r) = 2*r - 5. Suppose -105 = 4*h + h. Let g(s) = 4*s**3 + 16*s**2 - 10*s - 40. Let u be g(-3). Let p = h + u. Give y(p).
5
Let b(g) = g**2 - g - 7. Suppose 0 = -13*d - 56 - 113 + 39. Suppose 150 + 15 = 3*o. Let i be (-46)/d - (-22)/o. Determine b(i).
13
Suppose 0 = -12*q - 31 + 55. Let x(d) = 20546*d**2 + 2*d - 20547*d**q - d. Give x(4).
-12
Let z(d) = 386*d + 8 + 13 - 193*d - 196*d. Calculate z(-2).
27
Suppose -4*z - 199 = -11. Let n be (3 - (-1 - -1 - z))/(-1). Let w(k) = -22*k - 6 + n*k - 15*k. Determine w(4).
22
Suppose 14 = -6*g + 8 - 30. Let l(m) = -m**2 - m + 22. Calculate l(g).
-8
Let a(v) = -123*v - 27. Let n(m) = 172*m + 39. Let f(p) = 7*a(p) + 5*n(p). Determine f(11).
-5
Let l(m) = 13*m**3 + 17*m**2 + 40*m - 145. Let q(s) = -5*s**3 - 5*s**2 - 13*s + 49. Let p(g) = 3*l(g) + 8*q(g). What is p(12)?
5
Let p(f) be the first derivative of f**4/4 + 5*f**3/3 - 3*f**2/2 - 4497. Suppose -3*b = 2*b + 15. Let i = -2 + b. What is p(i)?
15
Let v = -1836 + 11017/6. Let r(i) be the second derivative of 1/12*i**4 + 0 - v*i**3 - 10*i - 1/20*i**5 + 10*i**2. Calculate r(0).
20
Let z(i) be the second derivative of i**5/20 - i**3/3 - 2*i**2 + 9*i + 3. Suppose -2*f = -4*f. What is z(f)?
-4
Suppose -9 = -s + 4*i, 4*i = 5*s - 0*i - 13. Let z(d) be the second derivative of -3*d**5/20 - d**4/6 + d**3/3 - d**2/2 + 5368*d. What is z(s)?
-4
Let w(h) = 3*h + 2*h - 8*h - 4*h + 31. Let o be w(9). Let l be (o/(-20) + -1)/1*5. Let p(m) = 3*m - 3. Give p(l).
6
Let k(u) = 30*u - 10*u**2 + 17*u - 28*u - 5 - 1 + 2. Calculate k(2).
-6
Let o(x) = 25 + 78554*x - 157106*x + 78554*x. Determine o(-6).
13
Let u(p) = 3*p + 29. Let r(h) = -3*h - 36. Let g(f) = 3*r(f) + 4*u(f). Give g(-3).
-1
Let s(w) = -360*w + 124*w + 123*w + 115*w + 3*w**2 + 3 + 2*w**3. Suppose 3*t - 20 = 4*p - 8, -4*t = 4*p + 12. Suppose t = 10*g + 10 + 10. Calculate s(g).
-5
Let q(t) = -12*t**2 - 5*t + 13. Let m(y) = -5*y**2 - 2*y + 6. Let n(x) = -7*m(x) + 3*q(x). Let a(o) = o**2 + 3. Let f(u) = -3*a(u) - 2*n(u). Give f(0).
-3
Suppose -5*y + 14 = 4*v - 19, -3*v + 4*y - 14 = 0. Let n = -6 - -4. Let l be n - (v + 10/(-2)). Let c(d) = 7*d**2 - d. Determine c(l).
6
Suppose 7*s = -5*s + 156. Suppose 4*d = 3*i - 13, -4*i + s = -9*i - 2*d. Let q(h) = -5*h - 1. Calculate q(i).
4
Let f(k) be the first derivative of 68 - 11*k + 9/2*k**2 - 1/3*k**3. Determine f(9).
-11
Let h be (85/(-170) - (-1 + -1))/((-2)/16). Let g(d) = d**2 + 15*d + 17. Give g(h).
-19
Let l(u) = -32*u + 9 - 39*u + 64*u + 5*u**2. Calculate l(4).
61
Let s be 2455/85 + (-94)/(-799). Let c(b) = 7*b - 211. What is c(s)?
-8
Let c be 165 + (20/(-25))/((-6)/15). Let g = -167 + c. Let d(a) = -a**2 + a + 19. Give d(g).
19
Let r = -4428